?
26
Suppose -13479 = -70*h + 2761. What is the greatest common divisor of 40 and h?
8
Let h be 15*(-12)/(-45)*(-9)/(-6). What is the highest common divisor of 2 and h?
2
Suppose -5*l + s = -163, 0*l + s = -5*l + 167. Let b(o) = -3*o + 1. Let k be b(-6). Suppose -k*q + 44 = -18*q. Calculate the greatest common factor of q and l.
11
Suppose 12*n = -47*n + 207031. What is the greatest common factor of 29 and n?
29
Let y be (-17 + 15)/(4/62)*-1. Calculate the greatest common divisor of 7688 and y.
31
Let k = 4611 + -4519. Calculate the greatest common divisor of 33396 and k.
92
Let h(z) = 45*z**3 - 10*z**2 + 7*z - 239. Let k be h(9). Calculate the highest common factor of 47 and k.
47
Suppose 3*r - 3*i + 104 + 7 = 0, 3*r + 110 = 2*i. Suppose -s = -2*l - 39, -348 = 5*s + l - 565. Let c = s + r. What is the greatest common divisor of c and 56?
7
Suppose 551 = 2*w - 3*x, -4*x = -5*w + 1656 - 247. What is the greatest common divisor of w and 561?
17
Suppose 45*j = 275785 + 56270. What is the greatest common divisor of j and 314?
157
Let f be (1 - (-1 + 56))/((-9)/12). Calculate the highest common divisor of 48 and f.
24
Let t be ((-10)/(-4) - 1)*-22. Let b be (t - -97)*((-29)/4)/(-1). What is the highest common factor of b and 16?
16
Let a(i) = 15*i + 276. Let b be a(-12). Calculate the highest common factor of b and 1824.
96
Suppose 5*d = 3*v - 2483, -2*d + 5*v - 37 - 941 = 0. Let t = d - -507. Calculate the greatest common factor of 8 and t.
8
Suppose 3*l = -x + 67, 4*l - 174 = 4*x - 58. What is the highest common factor of 96 and l?
24
Let v = -116 + 193. Suppose 14*r - 15*r = -v. Let j = r - 50. Calculate the greatest common factor of j and 18.
9
Suppose 3*c - 20957 = -5*f, 42*f = 46*f + 5*c - 16763. What is the highest common factor of f and 131?
131
Let o = 11012 + -9912. What is the highest common factor of o and 2112?
44
Suppose -15*v + 9855 + 1497 = 2577. Calculate the greatest common divisor of 45 and v.
45
Suppose -4*u + 5 = j - 20, -5*j = -u + 22. Let a(f) = 17*f - 44. Let h be a(u). Calculate the greatest common factor of 25 and h.
25
Let w(j) = -21*j + 956. Let y be w(-17). Calculate the highest common divisor of 13 and y.
13
Let l be 18/(-14) - (-652576)/224. Calculate the highest common factor of l and 252.
28
Suppose 0 = -3*d + 5*c + 61, 0 = -5*c + 6 - 31. Let v(l) = 46*l + 26. Let u be v(16). Suppose 918 = 20*m - u. Calculate the highest common divisor of d and m.
12
Let v = 77 + -83. Let q(h) = h**3 + 7*h**2 + 8*h + 8. Let b be q(v). Let o be ((-21)/b)/((-12)/(-704)). Calculate the greatest common divisor of o and 28.
28
Let x be 890/(-50) + (-2)/10*1. Let w be (15*(-3)/x)/((-2)/(-12)). Calculate the greatest common factor of w and 300.
15
Suppose -3*f + 625 = 5*b, -2*f + 175 = 5*b - 450. What is the greatest common divisor of 95 and b?
5
Let o be 1*-2 - -1 - -127. Let v(l) = 5*l - 92. Let w(q) = -5. Let x(c) = -2*v(c) + 10*w(c). Let i be x(12). Calculate the highest common divisor of i and o.
14
Let j(i) = -48*i + 12. Let s be j(-3). Suppose -q + 12*a = 8*a - 60, -3*q + s = -4*a. Calculate the greatest common divisor of 132 and q.
12
Let z be (-10821)/(-21) + (240/42 - 6). Suppose -85 = -h + 3*l, -5*h = -0*l + 3*l - z. Calculate the highest common factor of h and 75.
25
Suppose -40*u + 42*u = 3*c + 990, -2*c + 495 = u. What is the highest common divisor of u and 135?
45
Let q = -52932 + 99273. Calculate the highest common factor of 271 and q.
271
Suppose 0 = 7*g - 2*g - 105. Let h(l) = 8*l**2 + 18*l - 11. Let v be h(4). Calculate the greatest common divisor of g and v.
21
Let k = 17 - -18. Suppose 0 = -n + 5*v + 20, -5*n = -3*n - 3*v - 26. Suppose -n*z = -3*z - 490. What is the greatest common factor of k and z?
35
Suppose -2*j + 8 = 0, -j - 7068 = -22*h + 21*h. What is the greatest common divisor of 34 and h?
34
Let x = 492 + -361. Suppose -137*i = -x*i - 1350. What is the highest common divisor of i and 50?
25
Suppose -782*z = -754*z - 129752. Calculate the highest common factor of 14 and z.
14
Let f(u) = -129*u**3 - 3*u**2 - u - 2. Let r be f(-2). Let g(a) = -a**2 + 169*a + 1662. Let n be g(178). What is the greatest common factor of n and r?
60
Let n = -26 + 37. Let q = 475 - 411. Let o be (5984/q)/(2/4). What is the greatest common factor of n and o?
11
Let u = 265 + -268. Let q = u - -51. What is the greatest common divisor of 6 and q?
6
Let c = -6799 - -8095. What is the highest common factor of c and 243?
81
Suppose 42*p = -m + 44*p + 3664, -p - 18275 = -5*m. What is the greatest common factor of m and 28?
14
Suppose -9*p = -493 - 101. Suppose 873 = 19*d - 618 - 599. What is the highest common factor of p and d?
22
Let m be (-13*(-15)/390)/((-8)/(-1584)). Suppose -5*l - 61 = -v, -l = 2*v + 2*l - 135. What is the highest common factor of v and m?
33
Suppose 9*t - 5*v = 8*t + 4, 0 = 4*t + 4*v - 64. What is the highest common divisor of 567 and t?
7
Suppose -340 + 24 = 2*l. Let x be -2 - l*(-4 + 1)/(-3). Suppose -x = -0*c - 12*c. What is the highest common factor of c and 39?
13
Suppose -5*w = -0*w - 1800. Let a = 502 + -478. What is the highest common factor of a and w?
24
Suppose 25*m + 3101 - 53501 = 0. Suppose 0 = 5*n + 7*n - m. What is the greatest common divisor of n and 112?
56
Suppose -14*m - 29796 = -31*m - 22*m. What is the highest common factor of 4 and m?
4
Suppose -300 = -63*d - 0*d + 3*d. Calculate the highest common divisor of d and 30.
5
Suppose -6*u - 2761 + 6781 = 0. Let p = u - 650. Calculate the highest common divisor of p and 460.
20
Let j = 531 - 252. Let u = 293 - j. Calculate the greatest common divisor of u and 14.
14
Suppose -q = -2*q + 49. Suppose 6*b = 46*b + 6*b - 9016. Calculate the greatest common divisor of b and q.
49
Suppose 0 = -26*s - 4*s + 1050. Suppose 0 = 5*x + 2*x - s. Calculate the greatest common factor of x and 145.
5
Let f = 402 + -341. Let q = f - 13. What is the highest common divisor of q and 64?
16
Let c(k) = k**3 - 2*k**2 - 2*k - 1. Let b be c(3). Let i be 60/4 - (b + 1/1). Suppose 0 = -17*n + 18*n - i. Calculate the highest common factor of 60 and n.
12
Suppose -1297 = -2*t + 3*d, 223*t = 220*t - 3*d + 1923. Calculate the greatest common divisor of 154 and t.
14
Suppose 2*v = -9*b + 11*b + 378, 0 = -3*v - 2*b + 597. Calculate the greatest common factor of 345 and v.
15
Suppose -248 = -z + 4*g + 138, g - 386 = -z. Let x = 594 - z. Calculate the highest common factor of x and 13.
13
Suppose -15430 - 9850 + 8552 = -102*d. Calculate the greatest common divisor of d and 6806.
82
Suppose 0 = 12*g + 1306 + 86. Let u = g + 281. What is the highest common factor of 55 and u?
55
Let x(b) = -8*b - 251. Let u(g) = -17*g - 504. Let i(n) = 2*u(n) - 5*x(n). Let h be i(39). Calculate the greatest common factor of h and 37.
37
Suppose -12*x + 45 = -63. Suppose 0 = -x*o + 8*o + 150. Calculate the greatest common factor of o and 30.
30
Let v(m) = -m**2 - 21*m + 5. Let u be v(-21). Suppose -u*w + 40 = 2*k, 4*w - 6 = 6*k - 5*k. What is the highest common divisor of k and 40?
10
Let t = -32756 + 32778. Let o = 3 + 3. Let f(h) = -h**3 + 6*h**2 + 5*h - 8. Let y be f(o). Calculate the highest common factor of t and y.
22
Suppose 174 = -0*i + 6*i. Suppose 9*l + 200 = i. Let h be l/(-2) + (-3 - 5/(-2)). What is the greatest common divisor of 27 and h?
9
Suppose 12*d - 14*d + 112 = 0. Let r = -11 - -95. What is the highest common divisor of d and r?
28
Let c be (-1071)/(-15) + (-3)/30*-6. Suppose -2*n - c - 58 = 0. Let o be (-1)/(4 - (-265)/n). What is the greatest common divisor of 104 and o?
13
Let h = -76 + 80. Let u(w) = 41*w + 26. Let x be u(h). What is the highest common factor of 114 and x?
38
Let i(u) = -23*u - 117. Let z be i(-5). Let t be z - (7 - (6 - -39)). Calculate the greatest common factor of t and 48.
12
Let x(i) be the third derivative of i**5/20 + 2*i**3 - 13*i**2. Let k be x(0). Calculate the greatest common factor of k and 60.
12
Let h(p) = -p**2 - 8*p - 9. Let n be h(-7). Let u be n - 3/((-15)/20). Suppose u*k + 3*k - 550 = 0. What is the greatest common factor of 10 and k?
10
Let d be (1 + (2 - 3))/(4 + -2). Let t = 244 - 179. Suppose d = -63*k + t*k - 44. Calculate the greatest common factor of k and 33.
11
Let b(l) = -1128*l - 5615. Let x be b(-5). Calculate the greatest com